ghest common divisor of 27 and n?
27
Let h(w) = 45*w**2 - 2167*w - 8668. Let x be h(-4). What is the highest common factor of x and 55?
5
Let s be 71000/284 + (-2 - -26). Calculate the greatest common divisor of 46 and s.
2
Let i be (-4 - -223) + (20 - 23). Calculate the greatest common factor of i and 351.
27
Let o be 22534/133*91 + -19. Calculate the greatest common factor of o and 29.
29
Let z(n) = -n + 7. Let m be z(-7). Let q be 1/((-685)/345 - -2). Let h = q - 41. Calculate the greatest common divisor of h and m.
14
Suppose -94*u + 26*u = -229500. Calculate the greatest common factor of u and 250.
125
Let y(j) = -308*j + 84. Let v be y(0). What is the greatest common divisor of v and 357?
21
Let r = 9395 + -9318. Calculate the greatest common divisor of 9317 and r.
77
Suppose 0 = -7*y + 6*y - 4*x + 348, 2*y - 675 = -x. Calculate the highest common factor of 468 and y.
12
Let x be -1*2 - (-180)/(20 + -8). Let u(j) = j**3 - 11*j**2 - 14*j - 56. Let b be u(x). What is the highest common factor of b and 75?
25
Let w be ((-516)/(-24))/((-4)/32). Let t = w - -180. Suppose 5*s = 2*z - z - 3, -5*z + 43 = 3*s. Calculate the greatest common factor of z and t.
8
Suppose 12*l = 1072 - 1012. Let i be 2/3 - 163/(-3). Calculate the highest common divisor of i and l.
5
Let g be (16/(-6))/(3*4/(-2268)). Let p = g - 416. What is the greatest common factor of p and 352?
88
Let z(a) = 149 - 324 - a**2 - 12*a + 162. Let l be z(-10). What is the highest common factor of l and 28?
7
Let v be 3*22/(-3)*(-114)/209. Calculate the greatest common factor of v and 507.
3
Let x be (-1 - -6)/(20 + 4179/(-210)). Suppose -5*v + 145 = -4*y - y, -5*y + 5 = 0. Calculate the highest common divisor of v and x.
10
Suppose -35 = -2*m + 1. Let q = -23691 + 23718. Calculate the highest common factor of m and q.
9
Suppose 53653 = 445*b - 7776 - 132146. What is the highest common factor of b and 3625?
145
Let q be 4/(-6)*15/(-2). Let z(t) = -35*t + 182. Let s be z(q). What is the highest common factor of 14 and s?
7
Let s = 75 + -19. Let z be 27/((-18)/6) - (-62 - -4). What is the greatest common factor of s and z?
7
Let p = -908 - -903. Let n be (-10 - p) + (-3 - -619). What is the greatest common divisor of 47 and n?
47
Suppose -45*w - 48 = -265 - 98. What is the greatest common factor of 30 and w?
1
Let s(d) = 2*d**3 + 50*d**2 + 52*d + 100. Let l be s(-24). What is the highest common divisor of 47 and l?
1
Let p = -119 - -301. Let b be 84*(-162)/(-522) + (-4)/58. What is the highest common factor of p and b?
26
Let x = -26933 + 27313. What is the greatest common factor of x and 285?
95
Let i be 2 - 6/4*-6. Let m(u) = u**2 + 2. Let a(w) = -w**2 + 6. Let t be a(3). Let n be m(t). What is the greatest common divisor of n and i?
11
Let r = 2397 + 231. What is the highest common factor of r and 6?
6
Let a = -2046 - -2335. Calculate the highest common divisor of a and 221.
17
Let g = 322 + -242. Let m be (-15)/(-25) - (-13152)/g. Calculate the highest common factor of 132 and m.
33
Let s = 21 + -78. Let k be (-76)/s*(-147)/2. Let n = -82 - k. Calculate the greatest common factor of n and 16.
16
Let c(u) = 4*u**2 + u - 7. Let v be c(6). Let a be 1*2*(-2)/2. Let w be 22/((-6)/3)*(1 + a). Calculate the highest common divisor of v and w.
11
Suppose -50*a = -45*a - 3*n - 160491, 2*a - 64153 = -5*n. What is the greatest common divisor of a and 18?
18
Suppose 17*p + 67 - 220 = 0. Suppose 9*y - 18 = -p. Calculate the highest common divisor of 17 and y.
1
Let a = 252 + -159. Suppose 0 = 89*w - a*w + 2320. Calculate the greatest common factor of w and 20.
20
Let p = -3 + 3. Suppose p = 7*n - 6 - 8. Suppose 0 = -n*j + 9*j - 28. Calculate the highest common divisor of 4 and j.
4
Let d(p) be the third derivative of 11*p**4/24 - 28*p**3/3 - 48*p**2. Let l be d(6). What is the highest common divisor of 70 and l?
10
Let u = -13742 - -15389. What is the greatest common factor of 61 and u?
61
Let b(j) = 21*j - 258. Let a be b(17). What is the highest common divisor of a and 22077?
99
Let w(g) = -58*g + 38. Let q be w(-1). Let x be 3*q + 12 + -13. What is the greatest common divisor of x and 7?
7
Suppose 0 = -14*i + 668 + 4. Suppose 5*a - 8*a + i = 0. What is the greatest common factor of 104 and a?
8
Suppose 978600 = -1185*z + 1210*z. Calculate the highest common divisor of z and 233.
233
Suppose -2*n = 5*b - 10735, 39*b - 10735 = 34*b - 3*n. Calculate the highest common factor of b and 133.
19
Let f = 23322 + -23066. Calculate the greatest common factor of 116 and f.
4
Suppose -3*n + 151 = -5*k, 5*n = -k - k + 200. Let y(i) = 2*i**3 - 85*i**2 + 44*i + 76. Let j be y(n). What is the greatest common divisor of j and 10?
10
Let h(f) = f**2 - 14*f - 70. Let k be h(18). Let t be (k/(-4))/((-5)/540). What is the highest common divisor of t and 2?
2
Suppose -3*o + 44 = -5*z + 10, -2*z - 4 = 2*o. Suppose -120 = o*m + 102. Let a = 152 + m. Calculate the highest common factor of 39 and a.
39
Suppose -6*w + 3*w + 103 - 46 = 0. Let n = 106 + 198. What is the highest common divisor of w and n?
19
Let p be (21/(-35))/(-1) + (-939597)/(-205). Calculate the greatest common factor of p and 48.
24
Let f(y) = 100*y - 3. Let c(d) = -33*d + 1. Let q(r) = -8*c(r) - 3*f(r). Let o be q(-6). Let p = o - 133. What is the greatest common divisor of 12 and p?
12
Let q = -32336 + 32778. Calculate the highest common divisor of 204 and q.
34
Suppose 2*p - 3 + 3 = 0. Suppose -o - 3*o + 168 = p. Calculate the greatest common factor of o and 18.
6
Suppose -47*g = 14*g - 610. What is the greatest common factor of 66870 and g?
10
Suppose 5*w - 40 - 17 = -2*z, -3*w = -5*z + 96. Calculate the greatest common divisor of 3171 and z.
21
Let a(f) = -4*f + 51. Let o(q) = q - 15. Let v(n) = 4*a(n) + 14*o(n). Let j be v(-11). What is the greatest common divisor of 16 and j?
16
Suppose 3*d + 5*n = 37, -33 = 2*d - 4*d + 5*n. Suppose -z + o = -42, -o - 3*o = -z + 42. What is the highest common divisor of d and z?
14
Suppose -212*z + 353760 = 47*z - 58*z. What is the highest common factor of 10912 and z?
352
Let x(y) = -98*y + 770. Let t be x(7). Calculate the highest common divisor of 96 and t.
12
Suppose 0 = 5*a - 2*u - 473, -3*u + 199 = 4*a - 184. Let k be 59 + 10 + (-4 - 8). Calculate the greatest common divisor of k and a.
19
Let m(j) = 81*j + 666. Let x be m(-8). Calculate the greatest common divisor of x and 2259.
9
Let n(w) = 28*w + 22. Let c be n(-13). Let q = c - -365. Calculate the greatest common factor of q and 161.
23
Let c(h) = -47*h + 539. Let g be c(11). Let u be 4/2 + (-392)/(-2). What is the highest common factor of u and g?
22
Let b(p) be the third derivative of p**4/24 - 2*p**3/3 + 8*p**2 + 3*p. Let j be b(9). Calculate the greatest common divisor of 15 and j.
5
Let k = 20374 + -20004. What is the greatest common divisor of k and 130?
10
Let c(g) = -g**2 - 14*g + 23. Let x be c(-15). Suppose 494 - 124 = 5*q. Let k = -10 + q. Calculate the highest common factor of x and k.
8
Let p be (-840)/75 - (-3)/15. Let w(z) = z**3 + 10*z**2 - 16*z - 5. Let n be w(p). Calculate the greatest common divisor of 20 and n.
10
Let r be -2*10/((-40)/18). Suppose r*u = 16 + 11. What is the highest common factor of u and 12?
3
Suppose 0 = 4*b + 2*j - 562, 5*j + 0*j = 4*b - 597. Let h = 203 - b. Suppose -i = 4*i - h. What is the highest common factor of 2 and i?
2
Suppose 63*b - 2726 - 574 - 732 = 0. Let n = -77 + 125. Calculate the greatest common divisor of b and n.
16
Let o(f) = f + 10. Let a(c) = -1. Let s(l) = 6*a(l) + o(l). Let p be s(5). Suppose 2*y + 7*y = p. What is the highest common factor of 9 and y?
1
Suppose 0 = -n - x + 114, -n - x + 120 = -6*x. Suppose -4*r - 29*r = 9*r - 2898. Calculate the greatest common factor of r and n.
23
Let o = -1380 - -9952. What is the highest common factor of o and 4?
4
Let d(c) = 34 + 7*c - 7*c - 8*c - 3*c + 6. Let s be d(-3). What is the greatest common factor of s and 1168?
73
Let j = -5254 + 5287. What is the greatest common factor of 2013 and j?
33
Let w(v) = -v**2 - 3*v. Suppose 6 + 0 = -2*t. Let l be w(t). Suppose l = 6*r - 721 - 287. Calculate the highest common factor of 24 and r.
24
Let h(f) = f**2 - 6*f - 2. Let d be h(7). Suppose d = s - 67. Suppose 24*n - 7372 + 6220 = 0. Calculate the gr